se 3, what is 2012 + 102002110?
102011122
In base 12, what is -3b5 - -3?
-3b2
In base 4, what is 1 + 2103100122?
2103100123
In base 7, what is 2136 + 2501?
4640
In base 8, what is -10736 - -1?
-10735
In base 7, what is 4 - 15020610?
-15020603
In base 13, what is 30 + -15246?
-15216
In base 7, what is 20 + 654634?
654654
In base 3, what is -11 + -210202201221?
-210202202002
In base 4, what is 1132031 + 10?
1132101
In base 14, what is 2 + 22a12?
22a14
In base 9, what is 0 + -105836?
-105836
In base 12, what is -72113 - 1?
-72114
In base 4, what is 100211 + 130?
101001
In base 9, what is -3183407 - 3?
-3183411
In base 3, what is 12202 - 10121200?
-10101221
In base 13, what is 7 - -78a8?
78b2
In base 4, what is -11121 + -12?
-11133
In base 7, what is 31 - -15235?
15266
In base 14, what is -45d94 + -3?
-45d97
In base 6, what is -240 - -11031?
10351
In base 10, what is -279 - -45?
-234
In base 14, what is 3 + 231a2?
231a5
In base 13, what is 4 - 1c7186?
-1c7182
In base 12, what is 22251 - -2?
22253
In base 16, what is 1 - 37f4f?
-37f4e
In base 13, what is 493 - 27?
469
In base 15, what is -52 - -c36?
bd4
In base 6, what is 15501 + 15?
15520
In base 6, what is 141450 + 4?
141454
In base 2, what is 1001 + 10010001111?
10010011000
In base 6, what is -242504 - -14?
-242450
In base 14, what is -a - 15330?
-1533a
In base 16, what is -61 - ad?
-10e
In base 7, what is -233450 + 23?
-233424
In base 8, what is -5070 + -5?
-5075
In base 4, what is 20020 + -3232?
10122
In base 2, what is -1010 - -1011111101?
1011110011
In base 12, what is -35b95 + -57?
-36030
In base 10, what is 6546 + -71?
6475
In base 12, what is 13 - -45?
58
In base 14, what is 0 - b6840?
-b6840
In base 15, what is -44 - 2822?
-2866
In base 5, what is 4 - 221222210?
-221222201
In base 7, what is -25552 + -5?
-25560
In base 10, what is 240 + -792?
-552
In base 5, what is 1403101 - 20?
1403031
In base 2, what is 111011001101 + 1111?
111011011100
In base 5, what is -43 + -2420442?
-2421040
In base 8, what is -66632 + 0?
-66632
In base 3, what is 11110112111 - 12?
11110112022
In base 13, what is 4 + 11cb?
1202
In base 15, what is c4e + 122?
d71
In base 4, what is -3303333 - 1231?
-3311230
In base 6, what is -1201420 - 5?
-1201425
In base 16, what is -5 - 14df?
-14e4
In base 14, what is -7 - 1cd97?
-1cda0
In base 9, what is -53 - -617?
554
In base 15, what is 972 + 5d6?
1058
In base 2, what is -110101111010 + 10101?
-110101100101
In base 3, what is 20001020 - -21?
20001111
In base 8, what is -5 + -116676?
-116703
In base 8, what is -2 - -237?
235
In base 7, what is 22 - -563?
615
In base 3, what is 2210210021 - 2?
2210210012
In base 11, what is 9 - 2054?
-2046
In base 13, what is -204 + -59?
-260
In base 12, what is -128 + -3415?
-3541
In base 15, what is 29d + -195?
108
In base 8, what is -5 - 1571660?
-1571665
In base 10, what is 192044 + 4?
192048
In base 12, what is -a1206 + 2?
-a1204
In base 2, what is 11000011011 + -100000?
10111111011
In base 6, what is -25 + 1212102?
1212033
In base 3, what is 2222 - -210220?
220212
In base 8, what is -10 - -144426?
144416
In base 6, what is 1124052 - -5?
1124101
In base 4, what is -30 - -21121?
21031
In base 12, what is 1816 + 13?
1829
In base 6, what is 3 + 1110540?
1110543
In base 2, what is -1011100111 + 110010001?
-101010110
In base 2, what is 11100 - 11111010111?
-11110111011
In base 4, what is 300021103 - -1?
300021110
In base 7, what is 3330 + -100?
3230
In base 2, what is 10110100111110 - 1101?
10110100110001
In base 5, what is -3400023 - 4?
-3400032
In base 16, what is f + 9ae3?
9af2
In base 2, what is 101001001111100 + 10011?
101001010001111
In base 5, what is 321 + -21113?
-20242
In base 5, what is 114 - -40123?
40242
In base 8, what is 253425 - -10?
253435
In base 14, what is 31da - -c?
3208
In base 15, what is 5 + -3148?
-3143
In base 8, what is 252272 - -10?
252302
In base 11, what is 4 - -3a29?
3a32
In base 8, what is 63306 + 1?
63307
In base 6, what is -123445 - 5?
-123454
In base 7, what is -330 - -313?
-14
In base 4, what is -223021 - -112?
-222303
In base 13, what is 1895c9 - 0?
1895c9
In base 11, what is 5 - a794?
-a78a
In base 6, what is 0 + -1432204?
-1432204
In base 2, what is -110100000010000011 - -1?
-110100000010000010
In base 7, what is 340 + -141?
166
In base 12, what is -138 - 755?
-891
In base 16, what is -301 - 3e7?
-6e8
In base 10, what is 3108 + -468?
2640
In base 7, what is 321 - 535?
-214
In base 12, what is 1b49 + b4?
2041
In base 4, what is -10 - -111321223?
111321213
In base 13, what is 4 + 8582?
8586
In base 14, what is 3526 - -3?
3529
In base 9, what is 20048 - -56?
20115
In base 6, what is -51 - 130525?
-131020
In base 14, what is 11 + c656?
c667
In base 8, what is -1352 - 2?
-1354
In base 7, what is 2 + -12501144?
-12501142
In base 7, what is 343 + -3054?
-2411
In base 9, what is 12 + -21475?
-21463
In base 10, what is -41363 - 4?
-41367
In base 14, what is 9 - 1b52?
-1b47
In base 2, what is -10111 - -101100001111010011?
101100001110111100
In base 2, what is -1011001001011 - 10111?
-1011001100010
In base 10, what is 53 + -5829?
-5776
In base 13, what is -23c4 - -12?
-23b2
In base 8, what is 2 - 376125?
-376123
In base 4, what is -110302130 + 11?
-110302113
In base 12, what is -2a2 - -4442?
4160
In base 6, what is 50033 + 2?
50035
In base 10, what is 1285 - 23?
1262
In base 4, what is 10 - -233?
303
In base 9, what is -211167 - 2?
-211170
In base 15, what is -3 - 3dbe?
-3dc2
In base 6, what is 2243 + -31?
2212
In base 3, what is -1001 - 120211201?
-120212202
In base 6, what is -24310 - -35?
-24231
In base 15, what is -1de7 - -10?
-1dd7
In base 10, what is -1 + 420868?
420867
In base 9, what is -254 - -235?
-18
In base 14, what is 223 - -12b?
350
In base 3, what is 2 - 22020120?
-22020111
In base 11, what is 5719a6 + 2?
5719a8
In base 6, what is -4454 + 23?
-4431
In base 3, what is 1 + -21201201?
-21201200
In base 7, what is 2161 + 120?
2311
In base 8, what is -22110 - 5?
-22115
In base 3, what is -1210222 + -2122?
-1220121
In base 14, what is -62 + cc?
6a
In base 13, what is 4c73b - 0?
4c73b
In base 7, what is 1225 + 1035?
2263
In base 8, what is 4 - -350473?
350477
In base 11, what is 3202 - -10?
3212
In base 12, what is -a208 - -6?
-a202
In base 10, what is 51 + -64500?
-64449
In base 6, what is 422 + 23220?
24042
In base 10, what is 89241 - -3?
89244
In base 16, what is 5c + 5a?
b6
In base 11, what is 164162 - -8?
16416a
In base 6, what is -14400505 - 2?
-14400511
In base 16, what is -b + 9538?
952d
In base 15, what is -7 - -ce1?
cd9
In base 5, what is 10103320 + 4?
10103324
In base 2, what is -111001 + 1100011?
101010
In base 4, what is 10 - -32210023?
32210033
In base 11, what is -12 - -133225?
133213
In base 16, what is -2ca8 + -13?
-2cbb
In base 14, what is c - -c232?
c240
In base 8, what is -25 - -11541?
11514
In base 8, what is 7 + 32045?
32054
In base 12, what is -224008 + 1?
-224007
In base 10, what is 0 + -51733?
-51733
In base 7, what is 52205625 + 3?
52205631
In base 13, what is -55c - -20?
-53c
In base 8, what is -2 + -464051?
-464053
In base 4, what is -210 + -31133?
-32003
In base 10, what is 1 - 1478511?
-1478510
In base 13, what is 96465 - -4?
96469
In base 5, what is -21412120 - 1?
-21412121
In base 16, what is -40 - 359f?
-35df
In base 6, what is 3401 + 2531?
10332
In base 3, what is -11201121 - 20?
-11201211
In base 11, what is 2 + -7a51?
-7a4a
In base 5, what is -230433 - 3?
-230441
In base 7, what is 161 - -64?
255
In base 15, what is 72 + -2bd?
-24b
In base 13, what is -122816 + 4?
-122812
In base 5, what is 4013 + -2401?
1112
In base 5, what is 2223 + -1241?
432
In base 12, what is 43930 + 0?
43930
In base 3, what is 2221 + -2?
2212
In base 2, what is 101 - -11100110100?
11100111001
In base 7, what is -10 + -20036?
-20046
In base 8, what is -130751 - 163?
-131134
In base 4, what is 3032 - 210?
2222
In base 12, what is 1371 - 5b?
1312
In base 12, what is -16 + -577?
-591
In base 13, what is 12 - -175c5?
17607
In base 2, what is 1111000110011 + 11111?
1111001010010
In base 11, what is 3 + -6a2a?
-6a27
In base 16, what is 6 + 58fd?
5903
In base 7, what is 114244 + -2?
114242
In base 10, what is -2 - 73439?
-73441
In base 8, what is 2605535 + -1?
2605534
In base 7, what is 1 - 13110062?
